r of 14480 and 880.
80
What is the greatest common factor of 107532 and 45?
9
What is the highest common divisor of 470890 and 140?
70
Calculate the highest common factor of 195 and 1443.
39
Calculate the highest common divisor of 663921 and 1278.
639
What is the highest common factor of 76 and 6860?
4
Calculate the greatest common divisor of 96 and 7188.
12
Calculate the highest common factor of 5123 and 7849.
47
Calculate the greatest common factor of 248503 and 67.
67
Calculate the highest common factor of 1188068 and 1208.
604
Calculate the greatest common factor of 140 and 1375115.
35
Calculate the greatest common factor of 7301 and 3283.
49
What is the highest common factor of 2936655 and 3645?
1215
What is the highest common divisor of 8691 and 27?
3
What is the highest common factor of 15345 and 1980?
495
Calculate the highest common factor of 26705 and 109.
109
Calculate the greatest common divisor of 4223 and 3811.
103
What is the highest common factor of 165393 and 207?
207
Calculate the greatest common factor of 539260 and 20.
20
Calculate the greatest common divisor of 11 and 516967.
11
What is the greatest common factor of 272 and 5696?
16
What is the highest common factor of 23713 and 207?
23
Calculate the greatest common divisor of 522332 and 1206.
134
What is the highest common divisor of 197488 and 48?
16
What is the highest common factor of 192098 and 111942?
1382
Calculate the greatest common factor of 52 and 165763.
13
What is the highest common factor of 2313 and 639?
9
What is the greatest common divisor of 1368 and 1158012?
684
Calculate the greatest common factor of 1482 and 11934.
78
What is the highest common divisor of 12282 and 7038?
138
Calculate the greatest common factor of 40825 and 230.
115
What is the highest common divisor of 108960 and 3360?
480
Calculate the highest common divisor of 28910 and 2240.
70
Calculate the highest common factor of 6528 and 25296.
816
What is the greatest common factor of 2681 and 25661?
383
What is the greatest common factor of 190 and 725610?
190
What is the greatest common factor of 12 and 72074?
2
What is the highest common divisor of 1420 and 51620?
20
Calculate the highest common factor of 37450 and 98.
14
What is the highest common factor of 13321 and 2768?
173
Calculate the greatest common divisor of 19920 and 6420.
60
Calculate the greatest common divisor of 23281 and 62.
31
What is the highest common divisor of 36 and 6963156?
36
What is the greatest common factor of 4 and 7577?
1
Calculate the greatest common divisor of 90447 and 236.
59
Calculate the highest common divisor of 135176 and 1708.
244
Calculate the greatest common factor of 13629 and 168.
21
Calculate the greatest common factor of 142395 and 1320.
165
What is the greatest common divisor of 7658 and 434?
14
Calculate the highest common divisor of 9972 and 2070.
18
Calculate the highest common factor of 46 and 416622.
46
What is the greatest common divisor of 323088 and 14416?
848
Calculate the greatest common divisor of 461296 and 144.
16
Calculate the highest common divisor of 16326 and 54.
18
What is the highest common divisor of 14580 and 560?
20
Calculate the greatest common factor of 922650 and 750.
150
Calculate the greatest common divisor of 1002 and 18.
6
What is the highest common divisor of 2568 and 88917?
321
Calculate the highest common divisor of 1589801 and 1437.
479
What is the highest common factor of 6156 and 2565?
513
What is the highest common factor of 3192 and 8550?
114
Calculate the greatest common divisor of 2348 and 485449.
587
What is the highest common factor of 37984 and 2208?
32
What is the highest common factor of 2808 and 51288?
24
Calculate the greatest common factor of 4899 and 6504239.
1633
What is the highest common factor of 85426 and 55?
11
Calculate the greatest common factor of 35 and 255005.
5
What is the greatest common factor of 11 and 162239?
11
Calculate the highest common divisor of 812 and 11424.
28
What is the highest common divisor of 6324 and 625549?
527
What is the greatest common factor of 197295 and 315?
105
What is the greatest common divisor of 7718 and 5338?
34
What is the highest common divisor of 10045 and 21805?
245
What is the highest common divisor of 10761 and 44099?
211
Calculate the greatest common divisor of 14333 and 11.
11
What is the greatest common divisor of 7545 and 36?
3
What is the highest common divisor of 1071 and 148428?
63
What is the greatest common factor of 118 and 1762?
2
Calculate the highest common divisor of 480 and 165216.
96
Calculate the greatest common divisor of 1997191 and 49.
49
What is the greatest common divisor of 2166 and 372210?
114
What is the greatest common divisor of 138 and 138?
138
What is the greatest common factor of 1206 and 378?
18
What is the greatest common factor of 518 and 13958?
14
What is the highest common divisor of 332 and 80676?
332
What is the greatest common divisor of 34010 and 230?
10
What is the greatest common divisor of 45 and 66355?
5
What is the highest common factor of 39 and 5199428?
13
Calculate the greatest common divisor of 56500 and 13108.
452
Calculate the greatest common factor of 3 and 1062582.
3
Calculate the highest common factor of 18648 and 26064.
72
What is the greatest common divisor of 9314 and 2?
2
What is the highest common divisor of 45937 and 142?
71
What is the greatest common divisor of 480 and 116610?
30
Calculate the highest common divisor of 546 and 387478.
182
Calculate the highest common divisor of 27443 and 169.
13
Calculate the greatest common divisor of 5199586 and 1666.
1666
What is the greatest common divisor of 2031368 and 248?
248
Calculate the highest common divisor of 2153584 and 281.
281
What is the greatest common factor of 1404 and 7514?
26
What is the greatest common factor of 5520 and 171465?
345
Calculate the greatest common factor of 63 and 1113588.
63
What is the highest common factor of 9296 and 21?
7
Calculate the highest common divisor of 111846 and 84.
42
Calculate the highest common divisor of 109718 and 476.
238
What is the greatest common factor of 4185 and 3813?
93
Calculate the greatest common divisor of 8043 and 766383.
1149
Calculate the highest common factor of 2794105 and 305.
305
What is the highest common factor of 54 and 57483?
27
Calculate the greatest common divisor of 1230 and 1530.
30
What is the highest common factor of 2184 and 2436?
84
Calculate the highest common divisor of 21330 and 2160.
270
What is the greatest common factor of 918 and 25364?
34
Calculate the highest common divisor of 787083 and 61.
61
Calculate the greatest common divisor of 88 and 24928.
8
Calculate the highest common divisor of 164539 and 148.
37
Calculate the highest common divisor of 20 and 3722010.
10
What is the highest common divisor of 3997 and 3283?
7
Calculate the highest common factor of 137860 and 488.
244
What is the highest common divisor of 258 and 213194?
86
Calculate the greatest common factor of 63 and 19681.
1
Calculate the greatest common divisor of 2376 and 28728.
216
Calculate the highest common divisor of 21 and 2538.
3
Calculate the greatest common factor of 91200 and 1995.
285
Calculate the highest common divisor of 228 and 4151880.
228
Calculate the greatest common divisor of 52560 and 1200.
240
Calculate the greatest common factor of 391 and 312041.
23
What is the highest common factor of 491392 and 1152?
128
What is the highest common divisor of 313 and 306?
1
Calculate the greatest common factor of 17864 and 17893.
29
What is the highest common divisor of 228 and 15524?
4
Calculate the greatest common divisor of 1399960 and 200.
40
Calculate the greatest common divisor of 3918 and 71177.
653
Calculate the highest common factor of 23556 and 546.
78
What is the highest common factor of 4323 and 93927?
393
Calculate the greatest common factor of 473 and 5633.
43
Calculate the highest common divisor of 137 and 193581.
137
What is the highest common divisor of 25 and 238330?
5
Calculate the greatest common divisor of 12 and 475896.
12
Calculate the greatest common divisor of 10 and 92270.
10
Calculate the greatest common divisor of 584 and 229804.
292
Calculate the greatest common factor of 73932 and 8383.
101
Calculate t